{"id":8,"date":"2026-04-04T21:33:46","date_gmt":"2026-04-04T21:33:46","guid":{"rendered":"https:\/\/gabrielolivet.fr\/?page_id=8"},"modified":"2026-04-16T21:27:49","modified_gmt":"2026-04-16T21:27:49","slug":"biographie","status":"publish","type":"page","link":"https:\/\/www.gabrielolivet.fr\/?page_id=8","title":{"rendered":"Biographie"},"content":{"rendered":"\n<p><\/p>\n\n\n\n<div class=\"wp-block-group alignfull is-style-section-5 has-background-color has-foreground-background-color has-text-color has-background has-link-color wp-elements-d7a5a8cfb44b8f1c6b0585be27cf0429 is-layout-constrained wp-block-group-is-layout-constrained\" style=\"margin-top:0;margin-bottom:0;padding-top:var(--wp--preset--spacing--50);padding-bottom:var(--wp--preset--spacing--50)\">\n<div class=\"wp-block-columns is-layout-flex wp-container-core-columns-is-layout-7ee84d44 wp-block-columns-is-layout-flex\">\n<div class=\"wp-block-column is-vertically-aligned-center is-layout-flow wp-block-column-is-layout-flow\" style=\"flex-basis:50%\">\n<h2 class=\"wp-block-heading has-background-color has-text-color has-link-color wp-elements-a3ee2a8c01ede82627ea1f04ab782c16\">Gabri\u00ebl OLIVET<\/h2>\n\n\n\n<p class=\"has-base-font-size\" style=\"line-height:2.1\">Je suis n\u00e9 en 1976 \u00e0 Ruffec en Charente. <\/p>\n\n\n\n<p style=\"line-height:2.1\">A l\u2019\u00e2ge de 19 ans je suis all\u00e9 vivre dans le vieux logis de ma grand-m\u00e8re, ce qui m&rsquo;a donn\u00e9 envie d&rsquo;apprendre la ma\u00e7onnerie afin de pouvoir restaurer cette vieille b\u00e2tisse.De ce fait j&rsquo;ai rejoint le club arch\u00e9ologique \u00ab\u00a0Marpen\u00a0\u00bb \u00e0 Tusson, un chantier \u00e9cole ou j&rsquo;ai pass\u00e9 un CAP en ma\u00e7onnerie et un CAP en taille de pierre. <\/p>\n\n\n\n<p style=\"line-height:2.1\">J&rsquo;ai \u00e9galement faits des stages, un en r\u00e9publique Tch\u00e8que dans une \u00e9cole de sculpture et une autre chez le c\u00e9l\u00e8bre compagnon \u00ab\u00a0Louis-Claude Chev\u00e8nement\u00a0\u00bb.<\/p>\n\n\n\n<p class=\"has-medium-font-size\"><\/p>\n<\/div>\n\n\n\n<div class=\"wp-block-column is-layout-flow wp-block-column-is-layout-flow\" style=\"flex-basis:50%\">\n<figure class=\"wp-block-image size-large has-custom-border is-style-rounded\"><img loading=\"lazy\" decoding=\"async\" width=\"1024\" height=\"1024\" src=\"https:\/\/gabrielolivet.fr\/wp-content\/uploads\/2026\/04\/art-jimmy-1024x1024.jpg\" alt=\"\" class=\"wp-image-11\" style=\"border-top-left-radius:25px;border-top-right-radius:25px;border-bottom-left-radius:25px;border-bottom-right-radius:25px\" srcset=\"https:\/\/www.gabrielolivet.fr\/wp-content\/uploads\/2026\/04\/art-jimmy-1024x1024.jpg 1024w, https:\/\/www.gabrielolivet.fr\/wp-content\/uploads\/2026\/04\/art-jimmy-300x300.jpg 300w, https:\/\/www.gabrielolivet.fr\/wp-content\/uploads\/2026\/04\/art-jimmy-150x150.jpg 150w, https:\/\/www.gabrielolivet.fr\/wp-content\/uploads\/2026\/04\/art-jimmy-768x768.jpg 768w, https:\/\/www.gabrielolivet.fr\/wp-content\/uploads\/2026\/04\/art-jimmy.jpg 1363w\" sizes=\"auto, (max-width: 1024px) 100vw, 1024px\" \/><\/figure>\n<\/div>\n<\/div>\n<\/div>\n\n\n\n<div class=\"wp-block-group alignfull is-style-section-5 has-background-color has-foreground-background-color has-text-color has-background has-link-color wp-elements-ba7a327b5e12a4cd007cbd5795f8b852 is-layout-constrained wp-block-group-is-layout-constrained\" style=\"margin-top:0;margin-bottom:0;padding-top:var(--wp--preset--spacing--50);padding-bottom:var(--wp--preset--spacing--50)\">\n<div class=\"wp-block-columns alignwide is-layout-flex wp-container-core-columns-is-layout-7ee84d44 wp-block-columns-is-layout-flex\">\n<div class=\"wp-block-column is-vertically-aligned-center is-layout-flow wp-block-column-is-layout-flow\" style=\"flex-basis:50%\">\n<figure class=\"wp-block-image size-full has-custom-border is-style-rounded\"><img loading=\"lazy\" decoding=\"async\" width=\"768\" height=\"1020\" src=\"https:\/\/gabrielolivet.fr\/wp-content\/uploads\/2026\/04\/window-stone.jpg\" alt=\"\" class=\"wp-image-12\" style=\"border-top-left-radius:25px;border-top-right-radius:25px;border-bottom-left-radius:25px;border-bottom-right-radius:25px\" srcset=\"https:\/\/www.gabrielolivet.fr\/wp-content\/uploads\/2026\/04\/window-stone.jpg 768w, https:\/\/www.gabrielolivet.fr\/wp-content\/uploads\/2026\/04\/window-stone-226x300.jpg 226w\" sizes=\"auto, (max-width: 768px) 100vw, 768px\" \/><\/figure>\n<\/div>\n\n\n\n<div class=\"wp-block-column is-layout-flow wp-block-column-is-layout-flow\" style=\"flex-basis:50%\">\n<p><\/p>\n\n\n\n<p><\/p>\n\n\n\n<p>Ensuite je suis all\u00e9 travailler dans une entreprise de restauration de monument historique. J&rsquo;ai \u0153uvr\u00e9 sur le chantier de \u00ab\u00a0Fort Boyard\u00a0\u00bb et l&rsquo;abbaye de Ville Salem.<\/p>\n\n\n\n<p style=\"line-height:1.9\">Par la suite, j\u2019ai voulu progresser dans mon m\u00e9tier et apprendre la sculpture, r\u00e9aliser des pi\u00e8ces de prestiges, du statuaire, de l\u2019ornementation.<\/p>\n\n\n\n<p style=\"line-height:1.9\">C\u2019est donc Marc D\u00e9ligny, le grand sculpteur charentais, qui finira de me former avant de commencer ma carri\u00e8re<\/p>\n\n\n\n<p style=\"line-height:1.9\">.<\/p>\n<\/div>\n<\/div>\n<\/div>\n\n\n\n<div class=\"wp-block-group alignfull is-layout-constrained wp-block-group-is-layout-constrained\" style=\"margin-top:0;margin-bottom:0\"><\/div>\n","protected":false},"excerpt":{"rendered":"<p>Gabri\u00ebl OLIVET Je suis n\u00e9 en 1976 \u00e0 Ruffec en Charente. A l\u2019\u00e2ge de 19 ans je suis all\u00e9 vivre dans le vieux logis de ma grand-m\u00e8re, ce qui m&rsquo;a donn\u00e9 envie d&rsquo;apprendre la ma\u00e7onnerie afin de pouvoir restaurer cette vieille b\u00e2tisse.De ce fait j&rsquo;ai rejoint le club arch\u00e9ologique \u00ab\u00a0Marpen\u00a0\u00bb \u00e0 Tusson, un chantier \u00e9cole [&hellip;]<\/p>\n","protected":false},"author":1,"featured_media":0,"parent":0,"menu_order":2,"comment_status":"closed","ping_status":"closed","template":"","meta":{"footnotes":""},"class_list":["post-8","page","type-page","status-publish","hentry"],"yoast_head":"<!-- This site is optimized with the Yoast SEO plugin v27.4 - https:\/\/yoast.com\/product\/yoast-seo-wordpress\/ -->\n<title>Biographie - GABY, MA\u00ceTRE EN PIERRE<\/title>\n<meta name=\"robots\" content=\"index, follow, max-snippet:-1, max-image-preview:large, max-video-preview:-1\" \/>\n<link rel=\"canonical\" href=\"https:\/\/www.gabrielolivet.fr\/?page_id=8\" \/>\n<meta property=\"og:locale\" content=\"fr_FR\" \/>\n<meta property=\"og:type\" content=\"article\" \/>\n<meta property=\"og:title\" content=\"Biographie - GABY, MA\u00ceTRE EN PIERRE\" \/>\n<meta property=\"og:description\" content=\"Gabri\u00ebl OLIVET Je suis n\u00e9 en 1976 \u00e0 Ruffec en Charente. A l\u2019\u00e2ge de 19 ans je suis all\u00e9 vivre dans le vieux logis de ma grand-m\u00e8re, ce qui m&rsquo;a donn\u00e9 envie d&rsquo;apprendre la ma\u00e7onnerie afin de pouvoir restaurer cette vieille b\u00e2tisse.De ce fait j&rsquo;ai rejoint le club arch\u00e9ologique \u00ab\u00a0Marpen\u00a0\u00bb \u00e0 Tusson, un chantier \u00e9cole [&hellip;]\" \/>\n<meta property=\"og:url\" content=\"https:\/\/www.gabrielolivet.fr\/?page_id=8\" \/>\n<meta property=\"og:site_name\" content=\"GABY, MA\u00ceTRE EN PIERRE\" \/>\n<meta property=\"article:modified_time\" content=\"2026-04-16T21:27:49+00:00\" \/>\n<meta property=\"og:image\" content=\"https:\/\/www.gabrielolivet.fr\/wp-content\/uploads\/2026\/04\/art-jimmy.jpg\" \/>\n\t<meta property=\"og:image:width\" content=\"1363\" \/>\n\t<meta property=\"og:image:height\" content=\"1363\" \/>\n\t<meta property=\"og:image:type\" content=\"image\/jpeg\" \/>\n<meta name=\"twitter:card\" content=\"summary_large_image\" \/>\n<meta name=\"twitter:label1\" content=\"Dur\u00e9e de lecture estim\u00e9e\" \/>\n\t<meta name=\"twitter:data1\" content=\"1 minute\" \/>\n<script type=\"application\/ld+json\" class=\"yoast-schema-graph\">{\"@context\":\"https:\\\/\\\/schema.org\",\"@graph\":[{\"@type\":\"WebPage\",\"@id\":\"https:\\\/\\\/www.gabrielolivet.fr\\\/?page_id=8\",\"url\":\"https:\\\/\\\/www.gabrielolivet.fr\\\/?page_id=8\",\"name\":\"Biographie - GABY, MA\u00ceTRE EN PIERRE\",\"isPartOf\":{\"@id\":\"https:\\\/\\\/www.gabrielolivet.fr\\\/#website\"},\"primaryImageOfPage\":{\"@id\":\"https:\\\/\\\/www.gabrielolivet.fr\\\/?page_id=8#primaryimage\"},\"image\":{\"@id\":\"https:\\\/\\\/www.gabrielolivet.fr\\\/?page_id=8#primaryimage\"},\"thumbnailUrl\":\"https:\\\/\\\/gabrielolivet.fr\\\/wp-content\\\/uploads\\\/2026\\\/04\\\/art-jimmy-1024x1024.jpg\",\"datePublished\":\"2026-04-04T21:33:46+00:00\",\"dateModified\":\"2026-04-16T21:27:49+00:00\",\"breadcrumb\":{\"@id\":\"https:\\\/\\\/www.gabrielolivet.fr\\\/?page_id=8#breadcrumb\"},\"inLanguage\":\"fr-FR\",\"potentialAction\":[{\"@type\":\"ReadAction\",\"target\":[\"https:\\\/\\\/www.gabrielolivet.fr\\\/?page_id=8\"]}]},{\"@type\":\"ImageObject\",\"inLanguage\":\"fr-FR\",\"@id\":\"https:\\\/\\\/www.gabrielolivet.fr\\\/?page_id=8#primaryimage\",\"url\":\"https:\\\/\\\/gabrielolivet.fr\\\/wp-content\\\/uploads\\\/2026\\\/04\\\/art-jimmy-1024x1024.jpg\",\"contentUrl\":\"https:\\\/\\\/gabrielolivet.fr\\\/wp-content\\\/uploads\\\/2026\\\/04\\\/art-jimmy-1024x1024.jpg\"},{\"@type\":\"BreadcrumbList\",\"@id\":\"https:\\\/\\\/www.gabrielolivet.fr\\\/?page_id=8#breadcrumb\",\"itemListElement\":[{\"@type\":\"ListItem\",\"position\":1,\"name\":\"Accueil\",\"item\":\"https:\\\/\\\/www.gabrielolivet.fr\\\/\"},{\"@type\":\"ListItem\",\"position\":2,\"name\":\"Biographie\"}]},{\"@type\":\"WebSite\",\"@id\":\"https:\\\/\\\/www.gabrielolivet.fr\\\/#website\",\"url\":\"https:\\\/\\\/www.gabrielolivet.fr\\\/\",\"name\":\"GABY, MA\u00ceTRE EN PIERRE\",\"description\":\"\",\"potentialAction\":[{\"@type\":\"SearchAction\",\"target\":{\"@type\":\"EntryPoint\",\"urlTemplate\":\"https:\\\/\\\/www.gabrielolivet.fr\\\/?s={search_term_string}\"},\"query-input\":{\"@type\":\"PropertyValueSpecification\",\"valueRequired\":true,\"valueName\":\"search_term_string\"}}],\"inLanguage\":\"fr-FR\"}]}<\/script>\n<!-- \/ Yoast SEO plugin. -->","yoast_head_json":{"title":"Biographie - GABY, MA\u00ceTRE EN PIERRE","robots":{"index":"index","follow":"follow","max-snippet":"max-snippet:-1","max-image-preview":"max-image-preview:large","max-video-preview":"max-video-preview:-1"},"canonical":"https:\/\/www.gabrielolivet.fr\/?page_id=8","og_locale":"fr_FR","og_type":"article","og_title":"Biographie - GABY, MA\u00ceTRE EN PIERRE","og_description":"Gabri\u00ebl OLIVET Je suis n\u00e9 en 1976 \u00e0 Ruffec en Charente. A l\u2019\u00e2ge de 19 ans je suis all\u00e9 vivre dans le vieux logis de ma grand-m\u00e8re, ce qui m&rsquo;a donn\u00e9 envie d&rsquo;apprendre la ma\u00e7onnerie afin de pouvoir restaurer cette vieille b\u00e2tisse.De ce fait j&rsquo;ai rejoint le club arch\u00e9ologique \u00ab\u00a0Marpen\u00a0\u00bb \u00e0 Tusson, un chantier \u00e9cole [&hellip;]","og_url":"https:\/\/www.gabrielolivet.fr\/?page_id=8","og_site_name":"GABY, MA\u00ceTRE EN PIERRE","article_modified_time":"2026-04-16T21:27:49+00:00","og_image":[{"width":1363,"height":1363,"url":"https:\/\/www.gabrielolivet.fr\/wp-content\/uploads\/2026\/04\/art-jimmy.jpg","type":"image\/jpeg"}],"twitter_card":"summary_large_image","twitter_misc":{"Dur\u00e9e de lecture estim\u00e9e":"1 minute"},"schema":{"@context":"https:\/\/schema.org","@graph":[{"@type":"WebPage","@id":"https:\/\/www.gabrielolivet.fr\/?page_id=8","url":"https:\/\/www.gabrielolivet.fr\/?page_id=8","name":"Biographie - GABY, MA\u00ceTRE EN PIERRE","isPartOf":{"@id":"https:\/\/www.gabrielolivet.fr\/#website"},"primaryImageOfPage":{"@id":"https:\/\/www.gabrielolivet.fr\/?page_id=8#primaryimage"},"image":{"@id":"https:\/\/www.gabrielolivet.fr\/?page_id=8#primaryimage"},"thumbnailUrl":"https:\/\/gabrielolivet.fr\/wp-content\/uploads\/2026\/04\/art-jimmy-1024x1024.jpg","datePublished":"2026-04-04T21:33:46+00:00","dateModified":"2026-04-16T21:27:49+00:00","breadcrumb":{"@id":"https:\/\/www.gabrielolivet.fr\/?page_id=8#breadcrumb"},"inLanguage":"fr-FR","potentialAction":[{"@type":"ReadAction","target":["https:\/\/www.gabrielolivet.fr\/?page_id=8"]}]},{"@type":"ImageObject","inLanguage":"fr-FR","@id":"https:\/\/www.gabrielolivet.fr\/?page_id=8#primaryimage","url":"https:\/\/gabrielolivet.fr\/wp-content\/uploads\/2026\/04\/art-jimmy-1024x1024.jpg","contentUrl":"https:\/\/gabrielolivet.fr\/wp-content\/uploads\/2026\/04\/art-jimmy-1024x1024.jpg"},{"@type":"BreadcrumbList","@id":"https:\/\/www.gabrielolivet.fr\/?page_id=8#breadcrumb","itemListElement":[{"@type":"ListItem","position":1,"name":"Accueil","item":"https:\/\/www.gabrielolivet.fr\/"},{"@type":"ListItem","position":2,"name":"Biographie"}]},{"@type":"WebSite","@id":"https:\/\/www.gabrielolivet.fr\/#website","url":"https:\/\/www.gabrielolivet.fr\/","name":"GABY, MA\u00ceTRE EN PIERRE","description":"","potentialAction":[{"@type":"SearchAction","target":{"@type":"EntryPoint","urlTemplate":"https:\/\/www.gabrielolivet.fr\/?s={search_term_string}"},"query-input":{"@type":"PropertyValueSpecification","valueRequired":true,"valueName":"search_term_string"}}],"inLanguage":"fr-FR"}]}},"_links":{"self":[{"href":"https:\/\/www.gabrielolivet.fr\/index.php?rest_route=\/wp\/v2\/pages\/8","targetHints":{"allow":["GET"]}}],"collection":[{"href":"https:\/\/www.gabrielolivet.fr\/index.php?rest_route=\/wp\/v2\/pages"}],"about":[{"href":"https:\/\/www.gabrielolivet.fr\/index.php?rest_route=\/wp\/v2\/types\/page"}],"author":[{"embeddable":true,"href":"https:\/\/www.gabrielolivet.fr\/index.php?rest_route=\/wp\/v2\/users\/1"}],"replies":[{"embeddable":true,"href":"https:\/\/www.gabrielolivet.fr\/index.php?rest_route=%2Fwp%2Fv2%2Fcomments&post=8"}],"version-history":[{"count":13,"href":"https:\/\/www.gabrielolivet.fr\/index.php?rest_route=\/wp\/v2\/pages\/8\/revisions"}],"predecessor-version":[{"id":357,"href":"https:\/\/www.gabrielolivet.fr\/index.php?rest_route=\/wp\/v2\/pages\/8\/revisions\/357"}],"wp:attachment":[{"href":"https:\/\/www.gabrielolivet.fr\/index.php?rest_route=%2Fwp%2Fv2%2Fmedia&parent=8"}],"curies":[{"name":"wp","href":"https:\/\/api.w.org\/{rel}","templated":true}]}}